 x = v - 56. What is the highest common divisor of 12 and x?
4
Suppose -5*h + 15*h = 20. Suppose -h*z = 4*z - 246. What is the highest common divisor of z and 328?
41
Let d = 7 - 3. Suppose -g = 4, d*n - 32 - 24 = -g. Let z(v) = -9*v**3 + 3*v**2 + v - 1. Let k be z(-1). Calculate the greatest common divisor of n and k.
5
Let o = 236 - 26. Calculate the greatest common factor of 30 and o.
30
Let v = -686 - -791. Calculate the highest common divisor of 147 and v.
21
Suppose 93*f = 98*f - 2*d - 171, -f + 27 = 2*d. What is the highest common divisor of f and 891?
33
Let g(h) = 21*h**2 + 3*h - 16. Let s be g(3). What is the greatest common divisor of 14 and s?
14
Let d(p) = -89*p - 14. Let h be d(-3). What is the highest common divisor of 46 and h?
23
Suppose -v - 51 = -5*k, 3*v = 4*v + 2*k + 44. Let f = v - -138. Let x be (-2)/(f/(-84) - -1). Calculate the greatest common divisor of 14 and x.
7
Let v = 43 - 25. Suppose 2*p = 3*o - 137, 4*o + p = o + 134. Calculate the highest common divisor of v and o.
9
Let j(o) = -o**2 + 15*o + 2. Let k be j(15). Suppose -y + 4*m - 10 = 0, -4*m + 7*m - 15 = -3*y. What is the highest common factor of y and k?
2
Let w be 3/18 + 22/12. Suppose -14 = -w*s - 0*s. What is the highest common divisor of 7 and s?
7
Suppose -63 - 6162 = -5*o. Calculate the highest common divisor of 15 and o.
15
Suppose -5*l - 5*g = -0*g, -5*g - 8 = 3*l. Let n(m) = m**2 + 32*m + 272. Let w be n(-12). Calculate the greatest common divisor of l and w.
4
Let k(m) = -3*m**2 + 2*m - 11. Let q be k(-6). Let f = 76 + q. Let y be (-10)/f - 326/(-22). What is the highest common factor of 30 and y?
15
Let h = 12 + -10. Suppose -2*r - 8 + 38 = -4*v, -h*v - 26 = -2*r. Let y(p) = -p**2 + 8*p - 5. Let o be y(4). What is the highest common divisor of o and r?
11
Let t = 74 + -70. Calculate the greatest common divisor of t and 10.
2
Suppose 5 = 4*j - 3. Let o = 20 + j. Suppose 1 - 5 = -u, -d = 4*u - 82. What is the highest common factor of o and d?
22
Let i be (1 - -2)*-2*-36. Suppose -4*o + i = -o. What is the greatest common divisor of 8 and o?
8
Let o(s) = s**2 + 2*s + 3. Let t be o(-1). Calculate the greatest common factor of t and 16.
2
Let n be 86 + -1 + (-8)/(-4). Suppose 5*z - 393 = n. Suppose -70*o + 66*o + 48 = 0. What is the greatest common divisor of o and z?
12
Let i(y) = 2*y + 20. Let c be i(4). Calculate the highest common divisor of 364 and c.
28
Let x = -35 + 40. Suppose -8*a + 33 = -x*a. Let g be (-156)/(-1 + -2) - -3. Calculate the highest common factor of g and a.
11
Suppose i + 2*i + s - 1153 = 0, -3*i + 1157 = 5*s. What is the greatest common divisor of i and 36?
12
Suppose -x - 5*p + 16 = -1, 4*x - 2*p - 2 = 0. Suppose -3*c - c - 66 = -u, x*c + 138 = 2*u. What is the highest common divisor of u and 30?
10
Suppose 4*r = 4*f + 36, -147*f - 21 = -r - 150*f. Calculate the highest common divisor of r and 26.
2
Let q be 2 - 4/(4/(-33)). Suppose -5*m = -20 - q. Let x = -103 - -147. What is the highest common factor of m and x?
11
Let s be 4/7 + (-984)/56. Let b = s + 33. Let i be b/56 + (-33)/(-7). What is the greatest common divisor of i and 55?
5
Let j be (-8)/(-2*(-2)/(-56)). Let h be ((-224)/(-24))/((-22)/(-33)). What is the highest common factor of j and h?
14
Let z(a) = -a**2 - 19*a - 8. Let s be z(-6). Suppose s - 30 = 4*p. Calculate the greatest common divisor of p and 50.
10
Let l = 2793 - 2787. What is the greatest common divisor of l and 314?
2
Suppose -4*f - 12 = -7*f. Suppose -q + 43 - 2 = y, 180 = 4*q - 4*y. Suppose -q + 123 = 4*t. Calculate the greatest common divisor of f and t.
4
Let w = -1693 - -1710. What is the highest common factor of w and 3247?
17
Let f be (147/35 + -5)/((-4)/10). Let r = 3 + f. What is the highest common factor of 40 and r?
5
Let c(n) = 7*n**2 - 5*n. Let r be c(-5). What is the greatest common factor of r and 8?
8
Let q(c) = -c**2 + 10*c + 13. Let p be q(11). Suppose -3*h + 76 = -4*a, 5*a + 76 = -3*h + p*h. Let y = a - -28. What is the highest common divisor of 84 and y?
12
Let k(v) = -4*v + 2. Suppose -4*w - 42 = 6*j - j, w + 38 = -4*j. Let h be k(j). Let a = 50 + -29. Calculate the greatest common divisor of a and h.
21
Let p(i) = 25*i - 112. Let h be p(21). Calculate the greatest common divisor of h and 177.
59
Let v = 1699 + -1609. Calculate the highest common divisor of 1935 and v.
45
Let o = 39 + -63. Let g = 26 + o. Let i be g*(-4)/8 - -7. Calculate the highest common factor of i and 2.
2
Let o(v) be the first derivative of -v**3/3 - 6*v**2 + 3*v - 23. Let h be o(-9). Let u = -10 + 16. What is the greatest common factor of u and h?
6
Let f be 41265/65 + 4/26. Let m = -313 + f. Let o = -157 + m. Calculate the highest common factor of o and 66.
33
Let c(d) = -d**3 - 22*d**2 + 316*d - 44. Let v be c(-32). Calculate the greatest common factor of 384 and v.
12
Suppose -3*d = -5*z - 452, -4*z = -4*d + 542 + 50. Calculate the highest common factor of d and 64.
16
Let l(b) = -7*b - 340. Let z be l(-50). Suppose 4*d = 2*g - 6*g, 20 = 5*g + d. Suppose -g*p + z + 40 = 0. Calculate the greatest common divisor of 50 and p.
10
Let j be (-2966)/(-6) - (-10)/15. Suppose -m = 4*m - j. What is the highest common factor of m and 66?
33
Suppose -446 = -4*s + 5*t - 65, -4*s - 3*t + 373 = 0. What is the greatest common factor of s and 94?
94
Suppose 2*l + 28 = q, 110 - 14 = 4*q - 4*l. Let z be (-110)/(-4)*q/25. What is the greatest common factor of 66 and z?
22
Suppose -10*a - 246 = -646. Suppose -5*b + i + a = 0, i = -4*i. Calculate the greatest common divisor of b and 2.
2
Let l = 5 - 1. Let b(n) = n**3 + 10*n**2 + 18*n - 13. Let u be b(-7). What is the highest common factor of l and u?
4
Let k(r) = -9 - 5 + 2 + 24 + r. Let c be k(0). Calculate the greatest common factor of 156 and c.
12
Let y(l) = 2*l**2 + 15*l - 40. Let w be y(-10). What is the highest common factor of 15 and w?
5
Let q be 15/(-2)*(0/9 - 2). What is the greatest common factor of 21 and q?
3
Suppose 7 + 57 = 4*i - 3*d, -d = 2*i - 32. Let o = 1 - -143. What is the highest common factor of i and o?
16
Let v = 28 - 8. Let s = 30 - v. Let y be (-318)/(-21) + 4*(-3)/84. What is the greatest common divisor of s and y?
5
Suppose 0*g = 5*g + 15. Let i(x) = -5*x - 8. Let k be i(-2). Let r be (k/g)/((-1)/21). What is the greatest common divisor of 112 and r?
14
Suppose -1973 - 2087 = -29*l. Let n(z) = z**2 + z + 5. Let a be n(-6). What is the highest common factor of l and a?
35
Let y(r) = 6*r + 2. Let a be y(2). Let u be (8/(-24))/(1 + (-215)/210). What is the highest common divisor of a and u?
14
Suppose 0 = v - 5*k - 244, 0 = -4*v - 4*k + 357 + 523. Let j = v + -103. Calculate the greatest common divisor of 11 and j.
11
Suppose -3*b - 5*g = -1, -3 = -b - 3*g - 8. Suppose -5*l - j + 6 + b = 0, 4*l - 4*j + 4 = 0. What is the greatest common divisor of l and 14?
2
Let i(r) be the third derivative of -r**4/12 + 2*r**3/3 + 2*r**2. Let b be i(0). Let t be (-5)/b*2*-2. Calculate the highest common divisor of t and 25.
5
Suppose -2*g = 3*g - 2*p - 557, 0 = 5*p + 5. Suppose 2*y = -0*y + 5*v + 161, -g = -2*y - 5*v. What is the highest common divisor of 17 and y?
17
Let z be 58/15 - 24/(-180). Let y(n) = -6*n**3 + 5*n**3 + 3*n**3 + 3*n + 4*n**2 - 3*n**3. Let t be y(z). Calculate the greatest common factor of t and 18.
6
Let r be ((-4)/(-6))/((-8)/(-108)). Suppose -39 = -2*p - r. Calculate the greatest common factor of p and 5.
5
Suppose -7 - 44 = -4*o - 5*s, 2*o + 5*s = 23. Suppose 20 = 2*a + 2*c, -3*a - 5*c + o = -24. Calculate the greatest common divisor of a and 4.
2
Suppose 0 = -18*v + 668 + 772. Let m = -27 - -52. Suppose -m = -2*w + h - 6*h, -5*w = -h - 49. Calculate the greatest common factor of w and v.
10
Let y be 4/(1*-1*(7 - 6)). Let p be 2/y - (-1626)/12. What is the highest common factor of p and 27?
27
Let r(b) = -9*b**2 + 127*b - 54. Let s be r(12). Calculate the highest common factor of s and 6.
6
Let t(y) = -y**2 + 13*y - 12. Let x = 35 - 25. Let a be (x/(-8))/((-4)/32). Let w be t(a). Calculate the highest common factor of w and 9.
9
Let s be (4 + -1)/(8/40). Let l(d) = -d**3 - 4*d**2 + 6*d + 4. Let i be l(-5). Let w be (6/2 + i)*3. Calculate the highest common factor of s and w.
3
Suppose 3*x - 4*n - 57 = 0, 2*x + 12 = 3*x + n. Calculate 